in base 5?
114013
-64 (base 12) to base 13
-5b
22144 (base 6) to base 3
11020101
30226 (base 8) to base 14
4766
-867 (base 10) to base 14
-45d
Convert 114001 (base 7) to base 16.
5065
Convert -10732 (base 12) to base 4.
-11110112
What is 102cb (base 16) in base 8?
201313
Convert 46 (base 9) to base 8.
52
Convert -31520 (base 12) to base 8.
-176250
What is -31302 (base 7) in base 9?
-11500
Convert 26 (base 14) to base 5.
114
373 (base 15) to base 7
2166
What is -37870 (base 9) in base 14?
-9413
What is -11105 (base 6) in base 16?
-611
Convert 22c (base 16) to base 15.
271
-1eb5 (base 16) to base 10
-7861
-202 (base 12) to base 10
-290
400012 (base 5) to base 11
9440
What is -1166 (base 12) in base 16?
-79e
-2ec3 (base 16) to base 13
-55ab
430054 (base 6) to base 8
104322
Convert 105330 (base 7) to base 14.
6b50
What is ce (base 15) in base 4?
3002
What is -840 (base 9) in base 8?
-1254
What is -2be (base 16) in base 7?
-2022
What is 17b3c (base 14) in base 5?
3403314
524 (base 7) to base 4
10013
Convert -50021 (base 7) to base 9.
-17435
What is 1334 (base 13) in base 11?
2078
Convert -301134 (base 5) to base 14.
-369a
What is -5a80 (base 12) in base 5?
-311201
What is 2366 (base 8) in base 7?
3463
-b69c (base 14) to base 11
-21735
Convert -1023223 (base 5) to base 14.
-6449
Convert -1145 (base 6) to base 3.
-101102
Convert 1583 (base 11) to base 9.
2702
Convert -472 (base 14) to base 2.
-1101110100
Convert 203113 (base 4) to base 5.
33023
-2868 (base 12) to base 11
-3582
3121 (base 7) to base 2
10001000101
What is -38a (base 11) in base 10?
-461
Convert 429 (base 12) to base 9.
746
13101 (base 8) to base 6
42213
Convert -12120 (base 6) to base 16.
-6f0
What is -101111001001110 (base 2) in base 8?
-57116
What is -76e (base 15) in base 13?
-9c2
-51317 (base 8) to base 2
-101001011001111
What is 14322 (base 6) in base 9?
3115
What is 1868 (base 11) in base 14?
c17
What is -1010101010011001 (base 2) in base 3?
-2012220112
What is -101111 (base 2) in base 14?
-35
97ec (base 15) to base 7
162540
What is -28f (base 16) in base 10?
-655
What is -111122 (base 3) in base 12?
-268
Convert 906 (base 12) to base 6.
10010
What is -10222021221 (base 3) in base 7?
-444016
Convert bb47 (base 13) to base 5.
1313320
What is 1a7a (base 12) in base 8?
6276
What is 15011 (base 6) in base 7?
6643
-795 (base 13) to base 9
-1710
Convert -14f (base 16) to base 15.
-175
What is -10967 (base 11) in base 5?
-1001203
What is -4111 (base 11) in base 14?
-1dbb
What is 51216 (base 8) in base 15?
63de
What is -55c (base 14) in base 5?
-13222
-402302 (base 5) to base 7
-52253
1012 (base 13) to base 4
202210
What is -525 (base 6) in base 3?
-21022
What is -2087 (base 10) in base 12?
-125b
Convert -49473 (base 10) to base 14.
-1405b
What is 10012212 (base 3) in base 16?
929
What is 610 (base 14) in base 9?
1562
What is 122344 (base 5) in base 16?
1274
What is -1076 (base 11) in base 13?
-84a
-1207 (base 9) to base 7
-2422
What is 2254 (base 7) in base 16?
337
1115 (base 15) to base 9
4862
What is 100113 (base 4) in base 13?
627
355 (base 6) to base 3
12022
12101 (base 3) to base 7
265
Convert -869 (base 13) to base 7.
-4124
Convert -100101001 (base 2) to base 9.
-360
What is -110020 (base 4) in base 10?
-1288
7bb (base 14) to base 4
120001
What is -20404 (base 5) in base 9?
-1764
Convert 1b36 (base 13) to base 5.
112401
What is 3190 (base 11) in base 10?
4213
Convert -639 (base 10) to base 7.
-1602
-1690 (base 10) to base 2
-11010011010
Convert -24211 (base 5) to base 9.
-2426
Convert -649 (base 12) to base 14.
-49b
Convert 3695 (base 16) to base 9.
21145
22663 (base 7) to base 9
7884
What is -2441 (base 11) in base 12?
-1a1b
Convert c58 (base 15) to base 11.
2100
Convert 10002 (base 5) to base 6.
2523
16c (base 15) to base 11
278
Convert 52326 (base 7) to base 4.
3020322
11100121 (base 3) to base 15
e1a
Convert 1400211 (base 5) to base 16.
6e15
20222012 (base 3) to base 7
20546
What is -347 (base 13) in base 4?
-20312
What is 322 (base 11) in base 6?
1443
106 (base 14) to base 4
3022
What is 2011320 (base 4) in base 3?
102202100
33274 (base 8) to base 6
144512
-224201 (base 5) to base 13
-3884
Convert -169b (base 12) to base 13.
-1307
What is -12605 (base 10) in base 3?
-122021212
Convert 44634 (base 9) to base 6.
345221
Convert -304 (base 5) to base 14.
-59
Convert 4a28 (base 12) to base 13.
3a7c
221101 (base 3) to base 9
841
Convert 1101000010000101 (base 2) to base 13.
1b3b3
What is -23275 (base 11) in base 9?
-51072
-2706 (base 10) to base 6
-20310
-11424 (base 5) to base 3
-1012000
What is 23033 (base 4) in base 3?
222122
-192 (base 10) to base 7
-363
What is 21515 (base 8) in base 7?
35230
What is -2eab (base 15) in base 13?
-476c
Convert -45599 (base 11) to base 8.
-200614
What is -213102 (base 4) in base 15?
-b29
-142 (base 11) to base 6
-435
5e64 (base 15) to base 10
20119
Convert -1295 (base 10) to base 4.
-110033
Convert 375e (base 15) to base 7.
46241
What is 3a7 (base 11) in base 9?
583
Convert -111011 (base 3) to base 15.
-18a
Convert -12202002 (base 3) to base 2.
-1000001011011
What is 21566 (base 8) in base 6?
110010
123210 (base 4) to base 15
7c9
Convert -2970 (base 10) to base 7.
-11442
245 (base 11) to base 13
195
Convert 10010010000101 (base 2) to base 15.
2b84
Convert 85 (base 11) to base 3.
10110
What is 231 (base 16) in base 15?
276
Convert -10678 (base 9) to base 6.
-52542
21213 (base 4) to base 15
2b0
1c (base 14) to base 11
24
Convert -210320 (base 4) to base 7.
-6611
What is -3563 (base 16) in base 15?
-40b2
Convert 726 (base 11) to base 3.
1012102
What is f3 (base 16) in base 7?
465
What is -da (base 15) in base 10?
-205
What is -10000210 (base 3) in base 16?
-8a0
What is 186b (base 15) in base 14?
1ccc
What is 5a7a (base 14) in base 5?
1001123
What is 1622 (base 15) in base 12?
2905
3220 (base 5) to base 15
1e0
Convert -1000111000000110 (base 2) to base 16.
-8e06
What is -41234 (base 8) in base 3?
-212101120
2780 (base 9) to base 6
13413
Convert 97 (base 14) to base 9.
157
-1314 (base 8) to base 14
-392
-4a6 (base 11) to base 4
-21120
What is -8837 (base 10) in base 6?
-104525
1002200021 (base 3) to base 8
52202
22111 (base 4) to base 10
661
-1000110001 (base 2) to base 11
-470
Convert -1022010011 (base 3) to base 12.
-12994
Convert -1452 (base 11) to base 9.
-2510
Convert -134343 (base 5) to base 16.
-15de
-63453 (base 7) to base 4
-3310311
What is 25113 (base 10) in base 8?
61031
What is db2b (base 16) in base 13?
1c6cc
Convert -1031 (base 5) to base 15.
-96
Convert 1122012102 (base 3) to base 14.
ba58
Convert 150 (base 10) to base 16.
96
Convert -762 (base 16) to base 9.
-2530
Convert -111001000000111 (base 2) to base 4.
-13020013
What is -1101012 (base 3) in base 7?
-2633
-656 (base 11) to base 14
-403
What is 14315 (base 7) in base 16?
f5c
4654 (base 7) to base 10
1705
What is 43241 (base 7) in base 5?
321020
-504d (base 14) to base 8
-32735
49488 (base 10) to base 8
140520
What is -57f (base 16) in base 14?
-727
What is d177 (base 15) in base 9?
66574
283 (base 9) to base 13
153
What is 613 (base 15) in base 9?
1780
Convert 2322244 (base 5) to base 14.
11543
Convert -1528 (base 9) to base 14.
-5cc
9219 (base 13) to base 15
5e73
-66 (base 7) to base 11
-44
-26441 (base 8) to base 15
-3653
What is 172 (base 12) in base 8?
346
Convert 541 (base 16) to base 5.
20340
-33305 (base 7) to base 15
-273e
Convert 31240 (base 5) to base 10.
2070
-bb4 (base 14) to base 16
-90a
What is -1aa (base 15) in base 13?
-238
Convert 12232 (base 5) to base 9.
1256
What is -135 (base 6) in base 14?
-43
-1100 (base 5) to base 10
-150
Convert -9ec6 (base 16) to base 9.
-61672
426 (base 10) to base 13
26a
Convert 65243 (base 7) to base 9.
24255
-11000101111 (base 2) to base 10
-1583
What is 38701 (base 11) in base 13?
1c2c0
What is 150 (base 10) in base 13?
b7
-30405 (base 7) to base 3
-101011020
-133a2 (base 12) to base 2
-110011101101010
Convert -1001120002 (base 3) to base 2.
-101000101010011
What is -111010110111001 (base 2) in base 16?
-75b9
-332313 (base 4) to base 9
-5460
What is 45501 (base 6) in base 5?
201240
What is 760 (base 8) in base 13?
2c2
What is -56554 (base 8) in base 4?
-11311230
What is -1112 (base 4) in base 2?
-1010110
What is 60 (base 13) in b